h be (-1)/(4 - x)*-5. Suppose 60 = h*t - 4*n + 6, 3*n = -5*t + 82. Calculate the highest common divisor of t and 2.
2
Let j(g) = 282*g - 2202. Let u be j(8). What is the highest common divisor of 1674 and u?
54
Suppose -5*d - 3 - 2 = 0, -d - 47 = -2*o. Let f be ((-34)/8)/(12 + (-10000)/832). Suppose 7*l - 423 = f. Calculate the highest common factor of l and o.
23
Suppose 5*q = 3*r + 1116, -37*q + 42*q = -4*r + 1067. Calculate the highest common factor of q and 2044.
73
Suppose 8 + 8 = -4*s, 0 = 4*m - 4*s - 40. What is the highest common factor of m and 310?
2
Suppose -6*h + 319 = 2*x - 11*h, 0 = x + 4*h - 127. Let s be x*(3 + (-7)/3). Calculate the highest common divisor of 28 and s.
14
Let s(l) be the third derivative of l**4/6 + 16*l**3/3 + 2*l**2. Let f be s(14). Suppose f = x + x. Calculate the greatest common divisor of 66 and x.
22
Let p(i) = -7*i + 31. Let b be p(3). Let o = b - -4. Calculate the greatest common divisor of o and 14.
14
Suppose -4*h - x + 10 = 0, -3*x = 2*x - 10. Let j(o) = -o**2 - 3*o - 2. Let k be j(4). Let d = -20 - k. What is the greatest common divisor of d and h?
2
Suppose -330 = 2*j + 8*j. Let s = j + 36. Let q(k) = 6*k - 7. Let p be q(s). What is the highest common divisor of p and 11?
11
Suppose -4*m = -3*c + 30, -4*m + 2 - 16 = 5*c. Let r be (-2)/m - 1611/(-27). Suppose 9*x = 13*x - r. Calculate the greatest common factor of x and 75.
15
Let h = 5781 + -3881. Calculate the greatest common factor of h and 228.
76
Let u(q) = -q**3 + 14*q**2 - 12*q - 32. Let i be u(13). Let x be 24/(-16)*(i - 1). Let z be (6 - 0)*40/x. Calculate the greatest common divisor of 72 and z.
8
Let i = -131462 + 131702. Suppose -20 = 2*q + 2*w, 3*q + 2*w + 28 - 3 = 0. Let b be 13 - (-5)/(q/(-2)). What is the greatest common divisor of b and i?
15
Suppose 4*q = 57*s - 54*s + 398, 3*s + 208 = 2*q. What is the greatest common divisor of 17233 and q?
19
Let z = -171 - -170. Let m be 4*z/4 - (-16 + -2). What is the highest common factor of m and 4?
1
Suppose 0 = -10*d + 25 + 5. Suppose -4*u - 455 = 2*f + d*f, -4*f - 571 = 5*u. Let n = -89 - u. Calculate the highest common factor of 52 and n.
26
Let d(n) = 85*n**2 + 30*n + 210. Let s be d(6). Calculate the highest common divisor of 450 and s.
150
Let g be -4*(11 + -2)*(-9 - 6775/20). Calculate the greatest common factor of 214 and g.
107
Suppose 325*y + 54*y = -1097778 + 3889492. What is the highest common factor of y and 116?
58
Let t be 12/1 - (5 - 3). Suppose -11 = -g + t. Suppose 121*p - 252 = 115*p. What is the greatest common factor of p and g?
21
Let h be (-6494)/(-4) - 3/6 - (6 + -3). Calculate the greatest common factor of h and 50.
10
Let x(j) = -2*j**3 + 4*j**2 + 4*j + 3. Let w be x(0). What is the greatest common factor of w and 444?
3
Let i(j) = -6*j + 10. Let b be i(-2). Suppose 25*a - b*a = 48. Let s(q) = 5*q**2 - 5*q - 6. Let o be s(-5). What is the highest common divisor of a and o?
16
Let d = 31 + -32. Let k = d + 39. Let n = 42 - k. What is the highest common divisor of n and 32?
4
Let c be 744/(-16)*14/(-1). Suppose 7*s + 49 = c. Calculate the greatest common factor of 301 and s.
43
Suppose 5*b - c = -2*c + 10, 3*c = 0. Let l(g) = 21*g + 24. Let n be l(2). Let h be (n/11)/(-3 - -2 - -2). What is the highest common divisor of h and b?
2
Let w(o) = o + 7. Let j be w(-2). Suppose -2*v - 25 = -d, -d + j*d + v = 136. What is the highest common divisor of d and 15?
3
Let x = 40761 - 37058. Calculate the greatest common divisor of 115 and x.
23
Suppose 5*m = 15, 1472 = 89*h - 88*h - 4*m. Calculate the highest common factor of h and 14.
14
Suppose 7898*p - 7900*p = -18. Calculate the greatest common divisor of p and 3519.
9
Suppose 895 = 41*x - 440 + 351. Suppose j = 5*j - 672. What is the greatest common factor of x and j?
24
Let h be 6715 + 232 + (-16 - 3). Calculate the greatest common divisor of 16 and h.
16
Suppose 2*i = 2*j + 10, -4*j + 28 = 4*i - 0*j. Let s be 2305/(-20) + i/(-8). Let n be (s/(-5))/(2/15). Calculate the highest common factor of n and 29.
29
Let g = -82 - -84. Let w be (-3 - -4 - -191) + g. Let q = 342 - w. What is the highest common factor of 37 and q?
37
Suppose 3*r + 4*b - 92 = 0, b + 38 = 43. What is the highest common divisor of r and 291?
3
Let n = 38 + -22. Let k = n - -2. Let h = -5260 + 5296. What is the greatest common divisor of h and k?
18
Let y = -1157 + 1173. Let b be (-2655)/(-10) - (-5)/(-10). Suppose 4*x - b - 183 = 0. Calculate the highest common divisor of x and y.
16
Let f(p) = -10*p + 2. Let m be f(-6). Suppose j - 3*i = m - 18, -5*i - 180 = -5*j. Let o = 1703 + -1695. Calculate the highest common factor of j and o.
8
Suppose 0 = 27*d - 103*d + 760. Let z be (1 - -1 - 0)/((-16)/(-600)). What is the greatest common divisor of d and z?
5
Let d be ((-7192)/93)/((-2)/24). Suppose -2*p = -7*p - 5*z + 570, 6 = -3*z. Calculate the greatest common divisor of p and d.
116
Let i be (1573/4)/((-3)/(-60)). What is the greatest common divisor of 260 and i?
65
Let b(r) = 51*r**2 + 157*r - 3. Let c be b(-6). What is the highest common divisor of c and 99?
99
Let p = 36602 - 6145. What is the highest common factor of p and 133?
133
Suppose p - 5*r = 1506, r - 804 = p - 2286. Calculate the greatest common divisor of p and 328.
164
Suppose 4*m = -b + 118, 4*b - 451 + 24 = -m. Suppose 2*j - 5*j = 4*z - 424, z = -4*j + b. Let o = z + -78. What is the greatest common divisor of o and 28?
28
Suppose -2*q + 22 = -0*m + 2*m, 5*q + 89 = 4*m. Suppose 5*n - 4*n - 101 = -3*b, 0 = n - 5. Calculate the highest common factor of m and b.
16
Suppose 0 = 3*t + t + z - 11, 2*t - 2*z = 18. Suppose 4*n = 3*k + 90, -3*n - 4*k = -69 - 11. What is the greatest common divisor of t and n?
4
Suppose 7816 + 12710 = 22*n. What is the greatest common factor of 3 and n?
3
Let j = -1260 + 1305. What is the highest common factor of 315 and j?
45
Let x be (930/150)/(1/40). Calculate the highest common divisor of x and 16.
8
Let o(f) = f**3 - 10*f**2 + 128*f - 969. Let t be o(9). What is the highest common divisor of 1482 and t?
6
Suppose -4*n + 4*u = 100, -23*n = -22*n + u + 21. Let t(v) = 2*v**3 + 46*v**2 - 2*v - 31. Let k be t(n). Calculate the greatest common factor of k and 75.
15
Suppose -3*t = -x - 226 + 15, 3*x - 57 = -t. Let m = 1708 - 1702. Calculate the highest common factor of t and m.
3
Let d be -4 - ((-22)/(-33))/((-4)/174). Suppose -368 = -2*m - 4*u, d + 515 = 3*m + 3*u. Calculate the highest common factor of m and 96.
16
Let z = 188 - 118. Suppose 11*p = 12*p - 142. Let y = p - z. What is the highest common divisor of 18 and y?
18
Let w be ((-10)/15)/(29042/(-3627) + 8). Calculate the highest common factor of w and 39.
3
Suppose -4*t - 14 = -r, 2*r + 2*t = t + 64. Suppose 0 = -r*k + 40*k - 8580. What is the greatest common divisor of k and 66?
66
Let v(d) = 4849*d + 22. Let t be v(2). Calculate the highest common factor of 135 and t.
135
Let r(a) = 15*a. Let p be r(-2). Let c = -27 - p. Suppose c*k + k = 4*z + 112, 5*z + 112 = 4*k. What is the greatest common divisor of 28 and k?
28
Let x(r) = r**2 + 22*r + 332. Let s be x(-19). Let h(w) = -w**2 - 15*w + 11. Let j be h(-14). Calculate the greatest common divisor of s and j.
25
Let n(y) = -y**3 + 8*y**2 - 12*y + 8. Suppose 0 = -9*w + 12 + 24. Let c be n(w). Let l = -10 + 42. Calculate the highest common divisor of l and c.
8
Let r = 54 - 40. Suppose -r*t + 18*t = -160. Let j = t + 48. What is the highest common factor of 32 and j?
8
Let p(m) = -39*m - 240. Let j be p(-17). Calculate the greatest common factor of 47 and j.
47
Suppose -462 = -4*n - 382. Suppose 44*u - 42*u = n. What is the greatest common divisor of 4 and u?
2
Let m(j) = -j**3 + 2*j**2 + 5*j - 4. Let k be m(3). Suppose 24 = i - x, 41 + 14 = k*i + 5*x. Calculate the highest common divisor of i and 10.
5
Suppose -3*m - 44*u + 48*u - 1843 = 0, 2*m + 4*u + 1262 = 0. Let r = -590 - m. What is the greatest common factor of 341 and r?
31
Let k(x) = 2*x**2 - 22*x - 118. Let f be k(-5). Suppose -170*u + 160*u = -7980. Calculate the greatest common factor of u and f.
42
Let k = -95 + 173. Suppose -4*y - 4*m + 20 = 0, 64*y - 65*y - 4*m = -2. Calculate the greatest common factor of y and k.
6
Let w = 17 - 19. Let s be (-11328)/(-30) + (4/(-5))/w. Calculate the grea